{"id":213,"date":"2022-07-04T20:09:32","date_gmt":"2022-07-04T20:09:32","guid":{"rendered":"https:\/\/Kathrin-und-Manuel-2022.anontec.de\/?page_id=213"},"modified":"2022-07-04T20:29:38","modified_gmt":"2022-07-04T20:29:38","slug":"infos-arg","status":"publish","type":"page","link":"https:\/\/Kathrin-und-Manuel-2022.anontec.de\/?page_id=213&lang=es","title":{"rendered":"Informaci\u00f3n"},"content":{"rendered":"\n<p>Lugar de la Iglesia:<\/p>\n\n\n\n<iframe src=\"https:\/\/www.google.com\/maps\/embed?pb=!1m18!1m12!1m3!1d47909.67584969913!2d23.668970946850283!3d41.36639171110804!2m3!1f0!2f0!3f0!3m2!1i1024!2i768!4f13.1!3m3!1m2!1s0x14abdcf111226241%3A0x2eeff3fe952fc96c!2sEkklisia%20Agioi%20Archaggeli!5e0!3m2!1sde!2sde!4v1656964422841!5m2!1sde!2sde\" width=\"600\" height=\"450\" style=\"border:0;\" allowfullscreen=\"\" loading=\"lazy\" referrerpolicy=\"no-referrer-when-downgrade\"><\/iframe>\n\n\n\n<p>M\u00e1s informaci\u00f3nes seguir\u00e1n prontito. En caso de algunas preguntas, no duden a contactarnos.<\/p>\n","protected":false},"excerpt":{"rendered":"<p>Lugar de la Iglesia: M\u00e1s informaci\u00f3nes seguir\u00e1n prontito. En caso de algunas preguntas, no duden a contactarnos.<\/p>\n","protected":false},"author":1,"featured_media":0,"parent":0,"menu_order":0,"comment_status":"closed","ping_status":"closed","template":"","meta":[],"_links":{"self":[{"href":"https:\/\/Kathrin-und-Manuel-2022.anontec.de\/index.php?rest_route=\/wp\/v2\/pages\/213"}],"collection":[{"href":"https:\/\/Kathrin-und-Manuel-2022.anontec.de\/index.php?rest_route=\/wp\/v2\/pages"}],"about":[{"href":"https:\/\/Kathrin-und-Manuel-2022.anontec.de\/index.php?rest_route=\/wp\/v2\/types\/page"}],"author":[{"embeddable":true,"href":"https:\/\/Kathrin-und-Manuel-2022.anontec.de\/index.php?rest_route=\/wp\/v2\/users\/1"}],"replies":[{"embeddable":true,"href":"https:\/\/Kathrin-und-Manuel-2022.anontec.de\/index.php?rest_route=%2Fwp%2Fv2%2Fcomments&post=213"}],"version-history":[{"count":3,"href":"https:\/\/Kathrin-und-Manuel-2022.anontec.de\/index.php?rest_route=\/wp\/v2\/pages\/213\/revisions"}],"predecessor-version":[{"id":230,"href":"https:\/\/Kathrin-und-Manuel-2022.anontec.de\/index.php?rest_route=\/wp\/v2\/pages\/213\/revisions\/230"}],"wp:attachment":[{"href":"https:\/\/Kathrin-und-Manuel-2022.anontec.de\/index.php?rest_route=%2Fwp%2Fv2%2Fmedia&parent=213"}],"curies":[{"name":"wp","href":"https:\/\/api.w.org\/{rel}","templated":true}]}}